ime factors of 469175?
5, 7, 383
What are the prime factors of 3218952?
2, 3, 11, 89, 137
What are the prime factors of 693029?
113, 6133
What are the prime factors of 1621410?
2, 3, 5, 7, 1103
List the prime factors of 273774.
2, 3, 103, 443
List the prime factors of 237936.
2, 3, 4957
What are the prime factors of 99583?
11, 823
List the prime factors of 663713.
663713
List the prime factors of 69419.
7, 47, 211
List the prime factors of 2808935.
5, 561787
List the prime factors of 15119358.
2, 3, 17, 148229
List the prime factors of 515267.
61, 8447
What are the prime factors of 741696?
2, 3, 3863
What are the prime factors of 6134259?
3, 2044753
What are the prime factors of 1931519?
1931519
What are the prime factors of 295300?
2, 5, 2953
What are the prime factors of 1229749?
827, 1487
List the prime factors of 186547.
101, 1847
List the prime factors of 7145450.
2, 5, 13, 10993
What are the prime factors of 298512?
2, 3, 691
What are the prime factors of 18557667?
3, 76369
What are the prime factors of 194182?
2, 79, 1229
List the prime factors of 24556920.
2, 3, 5, 204641
List the prime factors of 759136.
2, 7, 3389
List the prime factors of 134175.
3, 5, 1789
What are the prime factors of 49845?
3, 5, 3323
What are the prime factors of 94725?
3, 5, 421
What are the prime factors of 6037637?
1427, 4231
What are the prime factors of 1281801?
3, 191, 2237
List the prime factors of 93718.
2, 47, 997
What are the prime factors of 411936?
2, 3, 7, 613
What are the prime factors of 3119586?
2, 3, 519931
What are the prime factors of 300244?
2, 7, 10723
List the prime factors of 567891.
3, 19, 41
What are the prime factors of 17683828?
2, 71, 877
List the prime factors of 557767.
7, 11383
What are the prime factors of 1497969?
3, 11, 15131
What are the prime factors of 295193?
163, 1811
What are the prime factors of 507726?
2, 3, 67, 421
What are the prime factors of 285569?
285569
What are the prime factors of 2348810?
2, 5, 193, 1217
What are the prime factors of 130526?
2, 11, 17, 349
List the prime factors of 376827.
3, 11, 19, 601
What are the prime factors of 14417679?
3, 37, 193, 673
List the prime factors of 2746430.
2, 5, 23, 11941
List the prime factors of 19327824.
2, 3, 79, 1699
What are the prime factors of 18299751?
3, 6099917
List the prime factors of 3126938.
2, 1563469
What are the prime factors of 813441?
3, 23, 11789
What are the prime factors of 1351832?
2, 37, 4567
What are the prime factors of 11742521?
7, 31, 53, 1021
List the prime factors of 8844.
2, 3, 11, 67
What are the prime factors of 15260834?
2, 181, 42157
List the prime factors of 73051.
11, 29, 229
What are the prime factors of 4343244?
2, 3, 53, 6829
What are the prime factors of 2024032?
2, 19, 3329
List the prime factors of 304382.
2, 13, 23, 509
List the prime factors of 139945.
5, 13, 2153
What are the prime factors of 1702300?
2, 5, 29, 587
What are the prime factors of 690373?
89, 7757
List the prime factors of 255181.
255181
List the prime factors of 346696.
2, 7, 41, 151
What are the prime factors of 90360?
2, 3, 5, 251
What are the prime factors of 2117061?
3, 17, 101, 137
What are the prime factors of 4233198?
2, 3, 705533
What are the prime factors of 179888?
2, 11243
What are the prime factors of 35964624?
2, 3, 61, 71, 173
What are the prime factors of 6048?
2, 3, 7
What are the prime factors of 694967?
7, 13, 1091
What are the prime factors of 2662794?
2, 3, 5479
What are the prime factors of 1018083?
3, 11, 30851
List the prime factors of 771543.
3, 59, 1453
List the prime factors of 33440994.
2, 3, 41, 113, 401
What are the prime factors of 1569250?
2, 5, 6277
List the prime factors of 17456729.
107, 163147
List the prime factors of 2822.
2, 17, 83
List the prime factors of 1092582.
2, 3, 20233
What are the prime factors of 875954?
2, 437977
List the prime factors of 210012.
2, 3, 11, 37, 43
List the prime factors of 713951.
7, 29, 3517
List the prime factors of 120275.
5, 17, 283
What are the prime factors of 464049?
3, 17, 337
What are the prime factors of 9889430?
2, 5, 157, 6299
What are the prime factors of 376377?
3, 109, 1151
List the prime factors of 5433479.
5433479
List the prime factors of 830892.
2, 3, 17, 4073
What are the prime factors of 269147?
181, 1487
List the prime factors of 15932280.
2, 3, 5, 7, 13, 1459
List the prime factors of 5485662.
2, 3, 7, 13, 17, 197
List the prime factors of 1176727.
19, 61933
What are the prime factors of 28413870?
2, 3, 5, 947129
List the prime factors of 23840157.
3, 11, 557, 1297
List the prime factors of 842117.
53, 15889
List the prime factors of 376187.
7, 61, 881
List the prime factors of 5263432.
2, 657929
What are the prime factors of 370985?
5, 74197
List the prime factors of 204334.
2, 13, 29, 271
List the prime factors of 335527.
335527
What are the prime factors of 21306743?
21306743
List the prime factors of 7652887.
11, 63247
List the prime factors of 902664.
2, 3, 7, 199
What are the prime factors of 10330748?
2, 2582687
List the prime factors of 1047690.
2, 3, 5, 7, 1663
List the prime factors of 1549338.
2, 3, 7, 37, 997
List the prime factors of 5423722.
2, 23, 157, 751
What are the prime factors of 9884172?
2, 3, 307, 2683
What are the prime factors of 2731179?
3, 11, 82763
List the prime factors of 81410.
2, 5, 7, 1163
What are the prime factors of 191027?
191027
What are the prime factors of 3230184?
2, 3, 134591
List the prime factors of 7210338.
2, 3, 37, 32479
What are the prime factors of 19912509?
3, 31, 149, 479
What are the prime factors of 466090?
2, 5, 127, 367
What are the prime factors of 246156?
2, 3, 73, 281
List the prime factors of 322983.
3, 17, 2111
List the prime factors of 168185.
5, 33637
List the prime factors of 121136.
2, 67, 113
List the prime factors of 19245.
3, 5, 1283
What are the prime factors of 1441922?
2, 720961
List the prime factors of 364130.
2, 5, 13, 2801
What are the prime factors of 3367540?
2, 5, 11, 15307
List the prime factors of 1008369.
3, 59, 211
What are the prime factors of 101774?
2, 151, 337
List the prime factors of 83805.
3, 5, 37, 151
What are the prime factors of 732050?
2, 5, 11
List the prime factors of 2332442.
2, 7, 166603
List the prime factors of 6052767.
3, 7, 288227
What are the prime factors of 2649726?
2, 3, 49069
What are the prime factors of 173524?
2, 13, 47, 71
What are the prime factors of 12868377?
3, 19, 61, 3701
What are the prime factors of 9809147?
71, 138157
List the prime factors of 15995979.
3, 73, 97, 251
What are the prime factors of 122483?
53, 2311
What are the prime factors of 12500797?
17, 735341
What are the prime factors of 8331205?
5, 157, 10613
List the prime factors of 3674385.
3, 5, 11, 13, 571
List the prime factors of 18382958.
2, 11, 449, 1861
List the prime factors of 2218098.
2, 3, 19, 19457
List the prime factors of 1547338.
2, 13, 59513
List the prime factors of 7828188.
2, 3, 23, 113, 251
List the prime factors of 252793.
23, 29, 379
What are the prime factors of 8241870?
2, 3, 5, 7, 13, 3019
What are the prime factors of 170005?
5, 11, 281
What are the prime factors of 2002544?
2, 257, 487
What are the prime factors of 1775734?
2, 887867
List the prime factors of 600049.
17, 47, 751
List the prime factors of 61204.
2, 11, 13, 107
List the prime factors of 1055516.
2, 7, 11, 23, 149
What are the prime factors of 260621?
79, 3299
List the prime factors of 308023.
17, 18119
What are the prime factors of 24182113?
113, 173, 1237
What are the prime factors of 927548?
2, 67, 3461
List the prime factors of 318475.
5, 12739
What are the prime factors of 222314?
2, 29, 3833
What are the prime factors of 5074025?
5, 11, 18451
What are the prime factors of 2252852?
2, 7, 61, 1319
What are the prime factors of 388396?
2, 89, 1091
List the prime factors of 1134792.
2, 3, 15761
List the prime factors of 7188248.
2, 887, 1013
List the prime factors of 523513.
37, 14149
List the prime factors of 27834221.
19, 1464959
What are the prime factors of 5474440?
2, 5, 136861
List the prime factors of 1325562.
2, 3, 7, 37, 853
List the prime factors of 4375472.
2, 19, 37, 389
List the prime factors of 6574985.
5, 1314997
List the prime factors of 741.
3, 13, 19
List the prime factors of 6311603.